[INFO] cloning repository https://github.com/Vaiklol/rust_web
[INFO] running `Command { std: "git" "-c" "credential.helper=" "-c" "credential.helper=/workspace/cargo-home/bin/git-credential-null" "clone" "--bare" "https://github.com/Vaiklol/rust_web" "/workspace/cache/git-repos/https%3A%2F%2Fgithub.com%2FVaiklol%2Frust_web", kill_on_drop: false }`
[INFO] [stderr] Cloning into bare repository '/workspace/cache/git-repos/https%3A%2F%2Fgithub.com%2FVaiklol%2Frust_web'...
[INFO] running `Command { std: "git" "rev-parse" "HEAD", kill_on_drop: false }`
[INFO] [stdout] e98b8a47f51c874544229407e3f7d074b451a7fa
[INFO] checking Vaiklol/rust_web against master#e6e4f7ed1589e03bc2f6c5931c1a72e7947e8682 for beta-170-4
[INFO] running `Command { std: "git" "clone" "/workspace/cache/git-repos/https%3A%2F%2Fgithub.com%2FVaiklol%2Frust_web" "/workspace/builds/worker-1-tc2/source", kill_on_drop: false }`
[INFO] [stderr] Cloning into '/workspace/builds/worker-1-tc2/source'...
[INFO] [stderr] done.
[INFO] validating manifest of git repo https://github.com/Vaiklol/rust_web on toolchain e6e4f7ed1589e03bc2f6c5931c1a72e7947e8682
[INFO] running `Command { std: CARGO_HOME="/workspace/cargo-home" RUSTUP_HOME="/workspace/rustup-home" "/workspace/cargo-home/bin/cargo" "+e6e4f7ed1589e03bc2f6c5931c1a72e7947e8682" "metadata" "--manifest-path" "Cargo.toml" "--no-deps", kill_on_drop: false }`
[INFO] started tweaking git repo https://github.com/Vaiklol/rust_web
[INFO] finished tweaking git repo https://github.com/Vaiklol/rust_web
[INFO] tweaked toml for git repo https://github.com/Vaiklol/rust_web written to /workspace/builds/worker-1-tc2/source/Cargo.toml
[INFO] crate git repo https://github.com/Vaiklol/rust_web already has a lockfile, it will not be regenerated
[INFO] running `Command { std: CARGO_HOME="/workspace/cargo-home" RUSTUP_HOME="/workspace/rustup-home" "/workspace/cargo-home/bin/cargo" "+e6e4f7ed1589e03bc2f6c5931c1a72e7947e8682" "fetch" "--manifest-path" "Cargo.toml", kill_on_drop: false }`
[INFO] running `Command { std: "docker" "create" "-v" "/var/lib/crater-agent-workspace/builds/worker-1-tc2/target:/opt/rustwide/target:rw,Z" "-v" "/var/lib/crater-agent-workspace/builds/worker-1-tc2/source:/opt/rustwide/workdir:ro,Z" "-v" "/var/lib/crater-agent-workspace/cargo-home:/opt/rustwide/cargo-home:ro,Z" "-v" "/var/lib/crater-agent-workspace/rustup-home:/opt/rustwide/rustup-home:ro,Z" "-e" "SOURCE_DIR=/opt/rustwide/workdir" "-e" "CARGO_TARGET_DIR=/opt/rustwide/target" "-e" "CARGO_HOME=/opt/rustwide/cargo-home" "-e" "RUSTUP_HOME=/opt/rustwide/rustup-home" "-w" "/opt/rustwide/workdir" "-m" "1610612736" "--user" "0:0" "--network" "none" "ghcr.io/rust-lang/crates-build-env/linux@sha256:19e73879b68f455e41552ea35293514db52ea292d993f571636dbffedb77a1ee" "/opt/rustwide/cargo-home/bin/cargo" "+e6e4f7ed1589e03bc2f6c5931c1a72e7947e8682" "metadata" "--no-deps" "--format-version=1", kill_on_drop: false }`
[INFO] [stdout] 91b810ac350da0a530770665cb18f83f6715d85bc3e3d00732e202039726fc64
[INFO] running `Command { std: "docker" "start" "-a" "91b810ac350da0a530770665cb18f83f6715d85bc3e3d00732e202039726fc64", kill_on_drop: false }`
[INFO] running `Command { std: "docker" "inspect" "91b810ac350da0a530770665cb18f83f6715d85bc3e3d00732e202039726fc64", kill_on_drop: false }`
[INFO] running `Command { std: "docker" "rm" "-f" "91b810ac350da0a530770665cb18f83f6715d85bc3e3d00732e202039726fc64", kill_on_drop: false }`
[INFO] [stdout] 91b810ac350da0a530770665cb18f83f6715d85bc3e3d00732e202039726fc64
[INFO] running `Command { std: "docker" "create" "-v" "/var/lib/crater-agent-workspace/builds/worker-1-tc2/target:/opt/rustwide/target:rw,Z" "-v" "/var/lib/crater-agent-workspace/builds/worker-1-tc2/source:/opt/rustwide/workdir:ro,Z" "-v" "/var/lib/crater-agent-workspace/cargo-home:/opt/rustwide/cargo-home:ro,Z" "-v" "/var/lib/crater-agent-workspace/rustup-home:/opt/rustwide/rustup-home:ro,Z" "-e" "SOURCE_DIR=/opt/rustwide/workdir" "-e" "CARGO_TARGET_DIR=/opt/rustwide/target" "-e" "CARGO_INCREMENTAL=0" "-e" "RUST_BACKTRACE=full" "-e" "RUSTFLAGS=--cap-lints=forbid" "-e" "RUSTDOCFLAGS=--cap-lints=forbid" "-e" "CARGO_HOME=/opt/rustwide/cargo-home" "-e" "RUSTUP_HOME=/opt/rustwide/rustup-home" "-w" "/opt/rustwide/workdir" "-m" "1610612736" "--user" "0:0" "--network" "none" "ghcr.io/rust-lang/crates-build-env/linux@sha256:19e73879b68f455e41552ea35293514db52ea292d993f571636dbffedb77a1ee" "/opt/rustwide/cargo-home/bin/cargo" "+e6e4f7ed1589e03bc2f6c5931c1a72e7947e8682" "check" "--frozen" "--all" "--all-targets" "--message-format=json", kill_on_drop: false }`
[INFO] [stdout] a80390986c86ae92b297644827b5378a92dbbeea6871462a4942482d9d98a34a
[INFO] running `Command { std: "docker" "start" "-a" "a80390986c86ae92b297644827b5378a92dbbeea6871462a4942482d9d98a34a", kill_on_drop: false }`
[INFO] [stderr]    Compiling libc v0.2.54
[INFO] [stderr]    Compiling num-traits v0.2.6
[INFO] [stderr]     Checking cfg-if v0.1.7
[INFO] [stderr]    Compiling proc-macro2 v0.4.29
[INFO] [stderr]    Compiling autocfg v0.1.2
[INFO] [stderr]    Compiling cc v1.0.36
[INFO] [stderr]    Compiling xml-rs v0.8.0
[INFO] [stderr]    Compiling arrayvec v0.4.10
[INFO] [stderr]    Compiling syn v0.15.33
[INFO] [stderr]     Checking nodrop v0.1.13
[INFO] [stderr]    Compiling byteorder v1.3.1
[INFO] [stderr]     Checking scopeguard v0.3.3
[INFO] [stderr]     Checking rand_core v0.3.1
[INFO] [stderr]    Compiling pkg-config v0.3.14
[INFO] [stderr]    Compiling khronos_api v3.1.0
[INFO] [stderr]     Checking memoffset v0.2.1
[INFO] [stderr]     Checking crossbeam-utils v0.6.5
[INFO] [stderr]     Checking log v0.4.6
[INFO] [stderr]     Checking rand_isaac v0.1.1
[INFO] [stderr]     Checking rand_hc v0.1.0
[INFO] [stderr]     Checking rand_xorshift v0.1.1
[INFO] [stderr]     Checking void v1.0.2
[INFO] [stderr]     Checking downcast-rs v1.0.4
[INFO] [stderr]    Compiling nix v0.13.0
[INFO] [stderr]    Compiling num-complex v0.2.1
[INFO] [stderr]    Compiling typenum v1.10.0
[INFO] [stderr]     Checking either v1.5.2
[INFO] [stderr]     Checking crossbeam-utils v0.2.2
[INFO] [stderr]    Compiling rand_chacha v0.1.1
[INFO] [stderr]    Compiling rand_pcg v0.1.2
[INFO] [stderr]    Compiling rand v0.6.5
[INFO] [stderr]    Compiling rayon-core v1.4.1
[INFO] [stderr]    Compiling num-integer v0.1.39
[INFO] [stderr]     Checking libm v0.1.2
[INFO] [stderr]    Compiling x11-dl v2.18.3
[INFO] [stderr]    Compiling parking_lot_core v0.4.0
[INFO] [stderr]     Checking linked-hash-map v0.5.2
[INFO] [stderr]     Checking stable_deref_trait v1.1.1
[INFO] [stderr]     Checking rawpointer v0.1.0
[INFO] [stderr]     Checking owning_ref v0.4.0
[INFO] [stderr]     Checking matrixmultiply v0.2.2
[INFO] [stderr]    Compiling gl_generator v0.10.0
[INFO] [stderr]     Checking crossbeam-epoch v0.7.1
[INFO] [stderr]     Checking stb_truetype v0.2.6
[INFO] [stderr]     Checking rustc-hash v1.0.1
[INFO] [stderr]     Checking crossbeam-epoch v0.3.1
[INFO] [stderr]    Compiling backtrace v0.3.15
[INFO] [stderr]    Compiling num-iter v0.1.37
[INFO] [stderr]     Checking rand_os v0.1.3
[INFO] [stderr]     Checking num_cpus v1.10.0
[INFO] [stderr]    Compiling quote v0.6.12
[INFO] [stderr]     Checking crossbeam-deque v0.7.1
[INFO] [stderr]     Checking adler32 v1.0.3
[INFO] [stderr]    Compiling num-derive v0.2.5
[INFO] [stderr]    Compiling rayon v1.0.3
[INFO] [stderr]    Compiling wayland-scanner v0.21.12
[INFO] [stderr]     Checking crossbeam-deque v0.2.0
[INFO] [stderr]    Compiling failure_derive v0.1.5
[INFO] [stderr]     Checking xdg v2.2.0
[INFO] [stderr]     Checking approx v0.3.2
[INFO] [stderr]    Compiling libloading v0.5.0
[INFO] [stderr]    Compiling backtrace-sys v0.1.28
[INFO] [stderr]     Checking ordered-float v1.0.2
[INFO] [stderr]     Checking line_drawing v0.7.0
[INFO] [stderr]     Checking rusttype v0.7.6
[INFO] [stderr]     Checking generic-array v0.12.0
[INFO] [stderr]     Checking memmap v0.7.0
[INFO] [stderr]     Checking lock_api v0.1.5
[INFO] [stderr]    Compiling gl_generator v0.11.0
[INFO] [stderr]     Checking rustc-demangle v0.1.14
[INFO] [stderr]     Checking fixedbitset v0.1.9
[INFO] [stderr]     Checking lzw v0.10.0
[INFO] [stderr]    Compiling num-rational v0.2.1
[INFO] [stderr]     Checking ordermap v0.3.5
[INFO] [stderr]     Checking num-traits v0.1.43
[INFO] [stderr]     Checking inflate v0.4.5
[INFO] [stderr]     Checking dlib v0.4.1
[INFO] [stderr]     Checking deflate v0.7.19
[INFO] [stderr]     Checking wayland-sys v0.21.12
[INFO] [stderr]     Checking percent-encoding v1.0.1
[INFO] [stderr]     Checking color_quant v1.0.1
[INFO] [stderr]     Checking andrew v0.2.1
[INFO] [stderr]     Checking siphasher v0.2.3
[INFO] [stderr]     Checking alga v0.9.0
[INFO] [stderr]     Checking gif v0.10.1
[INFO] [stderr]     Checking shared_library v0.1.9
[INFO] [stderr]     Checking parking_lot v0.7.1
[INFO] [stderr]     Checking phf_shared v0.7.24
[INFO] [stderr]     Checking scoped_threadpool v0.1.9
[INFO] [stderr]     Checking petgraph v0.4.13
[INFO] [stderr]    Compiling serde v1.0.90
[INFO] [stderr]     Checking osmesa-sys v0.1.2
[INFO] [stderr]     Checking phf v0.7.24
[INFO] [stderr]     Checking png v0.14.1
[INFO] [stderr]    Compiling gl v0.11.0
[INFO] [stderr]    Compiling minimp3-sys v0.3.1
[INFO] [stderr]    Compiling libudev-sys v0.1.4
[INFO] [stderr]    Compiling alsa-sys v0.1.2
[INFO] [stderr]    Compiling nix v0.11.0
[INFO] [stderr]     Checking nalgebra v0.18.0
[INFO] [stderr]     Checking sid v0.5.2
[INFO] [stderr]    Compiling glutin v0.19.0
[INFO] [stderr]     Checking rand v0.4.6
[INFO] [stderr]    Compiling build_const v0.2.1
[INFO] [stderr]    Compiling glutin_glx_sys v0.1.5
[INFO] [stderr]    Compiling glutin_egl_sys v0.1.3
[INFO] [stderr]    Compiling crc v1.8.1
[INFO] [stderr]     Checking alga v0.8.2
[INFO] [stderr]     Checking slice-deque v0.1.16
[INFO] [stderr]     Checking ogg v0.7.0
[INFO] [stderr]    Compiling wayland-client v0.21.12
[INFO] [stderr]    Compiling wayland-protocols v0.21.12
[INFO] [stderr]     Checking jpeg-decoder v0.1.15
[INFO] [stderr]     Checking rand v0.3.23
[INFO] [stderr]     Checking uuid v0.7.4
[INFO] [stderr]     Checking approx v0.1.1
[INFO] [stderr]     Checking lewton v0.9.4
[INFO] [stderr]     Checking cgmath v0.14.1
[INFO] [stderr]     Checking minimp3 v0.3.2
[INFO] [stderr]     Checking nalgebra v0.17.3
[INFO] [stderr]     Checking cpal v0.8.2
[INFO] [stderr]     Checking iovec v0.1.2
[INFO] [stderr]     Checking time v0.1.42
[INFO] [stderr]     Checking wayland-commons v0.21.12
[INFO] [stderr]     Checking net2 v0.2.33
[INFO] [stderr]     Checking crossbeam-channel v0.3.8
[INFO] [stderr]     Checking fnv v1.0.6
[INFO] [stderr]     Checking hound v3.4.0
[INFO] [stderr]     Checking claxon v0.3.2
[INFO] [stderr]     Checking mio v0.6.16
[INFO] [stderr]     Checking dirs v1.0.5
[INFO] [stderr]     Checking rand v0.5.6
[INFO] [stderr]     Checking crossbeam-queue v0.1.2
[INFO] [stderr]     Checking futures v0.1.26
[INFO] [stderr]     Checking immi v1.0.4
[INFO] [stderr]     Checking crossbeam v0.7.1
[INFO] [stderr]     Checking rodio v0.8.1
[INFO] [stderr]     Checking laminar v0.2.1
[INFO] [stderr]    Compiling synstructure v0.10.1
[INFO] [stderr]     Checking gilrs-core v0.2.2
[INFO] [stderr]     Checking gilrs v0.7.1
[INFO] [stderr]    Compiling euclid_macros v0.1.0
[INFO] [stderr]    Compiling serde_derive v1.0.90
[INFO] [stderr]     Checking failure v0.1.5
[INFO] [stderr]     Checking euclid v0.19.8
[INFO] [stderr]     Checking xmlparser v0.3.0
[INFO] [stderr]     Checking svgparser v0.8.1
[INFO] [stderr]     Checking lyon_geom v0.12.4
[INFO] [stderr]     Checking tiff v0.2.2
[INFO] [stderr]     Checking lyon_path v0.13.1
[INFO] [stderr]     Checking image v0.21.1
[INFO] [stderr]     Checking lyon_svg v0.13.0
[INFO] [stderr]     Checking lyon_tessellation v0.13.1
[INFO] [stderr]     Checking lyon_algorithms v0.13.1
[INFO] [stderr]     Checking lyon_extra v0.13.0
[INFO] [stderr]     Checking lyon v0.13.1
[INFO] [stderr]     Checking ncollide2d v0.19.1
[INFO] [stderr]     Checking ncollide3d v0.19.1
[INFO] [stderr]     Checking ncollide2d v0.18.4
[INFO] [stderr]     Checking serde_json v1.0.39
[INFO] [stdout] error[E0310]: the parameter type `T` may not live long enough
[INFO] [stdout]   --> /opt/rustwide/cargo-home/registry/src/index.crates.io-6f17d22bba15001f/ncollide2d-0.19.1/src/pipeline/broad_phase/broad_phase_pair_filter.rs:68:32
[INFO] [stdout]    |
[INFO] [stdout] 68 |             .all(|&(_, ref f)| f.is_pair_valid(b1, b2))
[INFO] [stdout]    |                                ^^^^^^^^^^^^^^^^^^^^^^^ ...so that the type `T` will meet its required lifetime bounds
[INFO] [stdout]    |
[INFO] [stdout] help: consider adding an explicit lifetime bound...
[INFO] [stdout]    |
[INFO] [stdout] 19 | impl<N: RealField, T: 'static> BroadPhasePairFilters<N, T> {
[INFO] [stdout]    |                     +++++++++
[INFO] [stdout] 
[INFO] [stdout] 
[INFO] [stdout] error[E0310]: the parameter type `T` may not live long enough
[INFO] [stdout]   --> /opt/rustwide/cargo-home/registry/src/index.crates.io-6f17d22bba15001f/ncollide2d-0.18.4/src/pipeline/broad_phase/broad_phase_pair_filter.rs:68:32
[INFO] [stdout]    |
[INFO] [stdout] 68 |             .all(|&(_, ref f)| f.is_pair_valid(b1, b2))
[INFO] [stdout]    |                                ^^^^^^^^^^^^^^^^^^^^^^^ ...so that the type `T` will meet its required lifetime bounds
[INFO] [stdout]    |
[INFO] [stdout] help: consider adding an explicit lifetime bound...
[INFO] [stdout]    |
[INFO] [stdout] 19 | impl<N: Real, T: 'static> BroadPhasePairFilters<N, T> {
[INFO] [stdout]    |                +++++++++
[INFO] [stdout] 
[INFO] [stdout] 
[INFO] [stderr]     Checking smithay-client-toolkit v0.4.5
[INFO] [stdout] error: aborting due to previous error
[INFO] [stdout] 
[INFO] [stdout] 
[INFO] [stdout] For more information about this error, try `rustc --explain E0310`.
[INFO] [stdout] 
[INFO] [stderr] error: could not compile `ncollide2d` (lib) due to 2 previous errors
[INFO] [stderr] warning: build failed, waiting for other jobs to finish...
[INFO] [stdout] error: aborting due to previous error
[INFO] [stdout] 
[INFO] [stdout] 
[INFO] [stdout] For more information about this error, try `rustc --explain E0310`.
[INFO] [stdout] 
[INFO] [stderr] error: could not compile `ncollide2d` (lib) due to 2 previous errors
[INFO] [stdout] error[E0310]: the parameter type `T` may not live long enough
[INFO] [stdout]   --> /opt/rustwide/cargo-home/registry/src/index.crates.io-6f17d22bba15001f/ncollide3d-0.19.1/src/pipeline/broad_phase/broad_phase_pair_filter.rs:68:32
[INFO] [stdout]    |
[INFO] [stdout] 68 |             .all(|&(_, ref f)| f.is_pair_valid(b1, b2))
[INFO] [stdout]    |                                ^^^^^^^^^^^^^^^^^^^^^^^ ...so that the type `T` will meet its required lifetime bounds
[INFO] [stdout]    |
[INFO] [stdout] help: consider adding an explicit lifetime bound...
[INFO] [stdout]    |
[INFO] [stdout] 19 | impl<N: RealField, T: 'static> BroadPhasePairFilters<N, T> {
[INFO] [stdout]    |                     +++++++++
[INFO] [stdout] 
[INFO] [stdout] 
[INFO] [stdout] error: aborting due to previous error
[INFO] [stdout] 
[INFO] [stdout] 
[INFO] [stdout] For more information about this error, try `rustc --explain E0310`.
[INFO] [stdout] 
[INFO] [stderr] error: could not compile `ncollide3d` (lib) due to 2 previous errors
[INFO] running `Command { std: "docker" "inspect" "a80390986c86ae92b297644827b5378a92dbbeea6871462a4942482d9d98a34a", kill_on_drop: false }`
[INFO] running `Command { std: "docker" "rm" "-f" "a80390986c86ae92b297644827b5378a92dbbeea6871462a4942482d9d98a34a", kill_on_drop: false }`
[INFO] [stdout] a80390986c86ae92b297644827b5378a92dbbeea6871462a4942482d9d98a34a
